mber?
False
Let i(q) = -3*q - 4. Let o be i(-2). Suppose o*r = -3*r + 265. Is r composite?
False
Let v(g) = 1126*g - 5. Is v(6) a composite number?
True
Suppose -4*z = -9*z + 5880. Suppose -2569 = -5*l + z. Is l prime?
False
Suppose -2*p - 5*w = 10 - 56, 2*p - 5*w - 6 = 0. Let r = p + -13. Suppose 2*v + r*v - 106 = 0. Is v a prime number?
True
Is 33540/70 - 2/14 a prime number?
True
Let t be (-2)/(-19) - (-220)/76. Suppose -t*h + 872 + 265 = 0. Is h a prime number?
True
Let k(z) = 182*z**2 + 7*z + 107. Is k(-9) prime?
False
Suppose -74832 = -7*c - 9*c. Is c composite?
True
Let j = 28604 - 6553. Is j a prime number?
True
Suppose 35*b - 52162 = 13*b. Is b prime?
True
Let g be (-252)/(-56)*4/6. Let d(w) = 4*w**2 - w + 4. Let m be d(-5). Suppose -g*j = -137 - m. Is j a composite number?
True
Is 6709*(-6)/24*-4 composite?
False
Suppose w = -1, 4*a - a - w = -5. Is (-1)/a + (-83727)/(-42) composite?
True
Let b = 7498 + -4361. Is b a composite number?
False
Suppose 31*w - 243106 - 114603 = 0. Is w composite?
True
Let q = -82 - -117. Suppose -5 = -5*s, c - 23 = 5*s + q. Let n = c + 20. Is n prime?
True
Let d(h) = 9*h**2 - 29*h + 230. Is d(9) a composite number?
True
Suppose 5*f + 16613 = 4*v + 60048, -4*f - 3*v + 34717 = 0. Is f a composite number?
True
Let u be (-1 - (5 + -1)) + 9. Suppose -4*x - 6164 + 45164 = 4*k, u*k = 20. Is x composite?
True
Let d = -48 - -26. Let z = 27 + d. Suppose 728 + 531 = 5*t + j, z*j = 5*t - 1235. Is t prime?
True
Suppose -r - 3 = -4*r, -3*r = -a - 6. Is (a/(-6))/(2/556) a prime number?
True
Let t(c) = 2*c - 5. Suppose 6 = -3*j + 5*j. Let d be t(j). Is (d + -7)/((-28)/98) a prime number?
False
Suppose 3*n - 3*c = 3, 0*n = -5*n + 3*c + 3. Let p = 1181 + -700. Suppose u = 5*x - p - 2664, 2*u = n. Is x composite?
True
Suppose 3 = -o, 3*a + 4*o + 44 = -a. Is 171645/40 - (-1)/a a composite number?
True
Let o(j) = 2*j + 8. Let q be o(-3). Suppose 2*i - 4 = 0, 0*l - q*l + 332 = 5*i. Is l a prime number?
False
Suppose -13*i + 4*i = -45. Suppose -3*f - 1883 = -i*l, 3 = -f + 7. Is l prime?
True
Let m(x) = -x**2 + 5*x + 5. Let k be m(7). Let j be (k/(-6))/(9/12). Suppose -4*l + 28 = o + 3*o, 0 = -j*o. Is l composite?
False
Let q = -11401 + 28580. Is q prime?
False
Suppose -11*r - 7302 = -14*r. Suppose -4*c + 762 + r = 0. Is c a composite number?
True
Let s(l) be the first derivative of 10*l**4 + l**3/3 - l + 9. Let u be s(1). Is (u/4 + 1)*3 a composite number?
True
Let j = -446 + 717. Suppose 4*m + 218 = 4*p + 3*m, -2*m = -5*p + j. Is p a composite number?
True
Suppose -7 = 3*x + 5. Let w be (-2)/(-5)*(x + -4411). Let l = 3081 + w. Is l composite?
True
Suppose 6*v + 4 = 2*v. Suppose -t = -4*t + 3. Is (t/(-2))/v*154 composite?
True
Suppose -11*k - 942 = -17*k. Is k a prime number?
True
Let x(r) = 2*r**2 - 2*r + 8. Let t be x(6). Let m = t - 9. Is m a prime number?
True
Suppose 2*f + 3*f = -2*i + 16, 4*i = f - 12. Let s be ((-15)/(-6))/(i/(-4)). Suppose 0*y + 41 = 3*j + s*y, 2*j = 4*y - 2. Is j prime?
True
Let n be (-4)/14 + (-408)/(-56). Let a(g) = n*g**2 + 29*g**2 - 7 + 6*g**2. Is a(5) a composite number?
True
Let k(j) = 46*j**2 + 59*j + 23. Is k(14) prime?
False
Let k = -35 - -40. Suppose 0 = -5*d - 5*j + 27 + 1033, 2*j = k*d - 1053. Let o = -66 + d. Is o composite?
True
Is 216034/7 - (-15)/3 a prime number?
False
Let f(s) = -2*s + 2. Let u be f(-1). Suppose -4*a - 21 + 5 = -u*b, 3 = -3*a. Suppose p - 520 = 3*h, -b*p = -2*p - h - 518. Is p composite?
True
Let m(f) = 5*f**2 - 3*f - 17 + 77*f**2 + 5. Is m(-5) a prime number?
True
Let m be ((-4)/5)/((-4)/10). Suppose m = d - 1. Suppose 2*i + y = 1000, d*i = 4*y + 2069 - 547. Is i composite?
True
Suppose -4*a + 18356 = 2*u, -2*u + 27540 = u + 4*a. Suppose 0 = 4*h - u + 1580. Is h composite?
False
Let a(m) = -117*m - 2. Let g = -3 - 5. Let i be a(g). Suppose -2*l + x = 3*l - i, -745 = -4*l + 3*x. Is l a composite number?
True
Suppose 5230 = -5*y + 1255. Let u = -1288 - y. Let j = -290 - u. Is j a composite number?
True
Let l(p) = 27*p**3 + 3*p**2 - 3*p + 2. Let z be 3 + (-6)/2 + 3. Let v be l(z). Suppose -3*h = -4*g + v, 2*g - 4*h = 6*g - 784. Is g composite?
False
Suppose 9*j = -3*j + 333420. Is j a composite number?
True
Suppose -16*d = -3*w - 11*d + 52712, 2*w - 2*d - 35136 = 0. Suppose -4*f = -2*x - 0*x - w, 0 = -f - 2*x + 4391. Is f prime?
True
Suppose 0 = 39*w - 44*w + 42505. Is w a prime number?
True
Let i = -18 + 20. Suppose -2*s + i*o = -o + 330, -3*s = -4*o + 497. Let f = 362 + s. Is f a prime number?
True
Suppose 20 = -4*j, -364554 + 15114 = -5*i - 5*j. Is i prime?
False
Suppose -3*t = h + t - 21, -20 = -5*t. Let d(n) = -4*n**2 - 3*n + 3. Let s(i) = -9*i**2 - 7*i + 5. Let c(m) = -7*d(m) + 3*s(m). Is c(h) composite?
False
Let v(u) = -437*u + 68. Is v(-7) a prime number?
False
Suppose 3*h - 20 = -h. Suppose -3*i + 11 - 41 = 5*d, 2*i = 5*d + h. Is (1/d)/(2/(-510)) a composite number?
True
Let v(c) = c**3 + 3*c**2 - 4. Let t be v(-2). Suppose 0 = -t*o + 3*o - 5*p - 1743, o - 581 = 4*p. Is o a prime number?
False
Let v(s) = -4*s**2 - 19*s - 16. Let q(t) = 5*t**2 + 20*t + 17. Let p(a) = -5*q(a) - 6*v(a). Is p(14) composite?
False
Suppose 82*b - 73822 = 3012. Is b composite?
False
Suppose 2*j + 2 - 12 = 0. Suppose -u - 150 = -2*g, j*g + 74 = 2*u + 451. Is g composite?
True
Suppose 16 = 4*c, 3*g + 8 = g + 2*c. Suppose -4*r = -g*r. Suppose r = -5*s + 43 + 222. Is s a composite number?
False
Let v(b) = -6*b**3 - 19*b**2 - 5*b + 13. Let x be v(-6). Let t be (-15)/(1/8*1). Let j = t + x. Is j prime?
False
Let h = -18286 + 33317. Is h prime?
True
Let n(o) = -o**3 + 1 - 4*o**3 + 7*o**2 + 11*o**3 + 0 - o. Let q be n(5). Suppose 5*t = 2*t + q. Is t prime?
True
Let f(l) = 2*l**2 - 3. Let v be f(-5). Suppose v - 141 = -2*r. Is r prime?
True
Let n(s) be the third derivative of -s**6/120 - 7*s**5/30 - 5*s**4/12 - 13*s**3/6 + 10*s**2. Is n(-14) composite?
False
Suppose 0 = -4*i - 247 - 81. Let t(d) = 52*d**2 - 4*d + 3. Let o be t(2). Let r = i + o. Is r composite?
True
Suppose 0 = -2*z - 20*i + 24*i + 1378, 4 = i. Is z a prime number?
False
Let s(v) = v**3 + 12*v**2 - 2*v - 22. Let b be s(-12). Suppose 598 = j + 4*h - 67, b*j = 5*h + 1356. Is j a composite number?
False
Let l = 127403 + -61666. Is l prime?
False
Suppose 4*c - 3*y + 3964 = y, 5*c = 3*y - 4959. Let m = -556 - c. Is m composite?
True
Let h be -6*((-111)/9 - -2). Suppose 0 = 5*z + h - 12. Is (-1032)/(-10) - z/(-50) composite?
False
Suppose 0 = -o + 5*o + p + 316, 0 = -o + 4*p - 79. Let d be 862/2 - (8 + -11). Let n = d + o. Is n a prime number?
False
Let v(m) = 4*m**3 + m**2 + 2*m - 2. Let c be v(1). Is -3*((-5676)/45 + (-1)/c) a composite number?
False
Is 1/(-2*(-5)/5650) prime?
False
Suppose -5*b + 5*o = -128275, 3*o + 2 = 8. Is b composite?
False
Suppose -8*w + 4*w = 16. Is (3/6 - -1)*1542 - w a composite number?
True
Is (-10812)/(1 + -4) + -2*1 composite?
True
Let u(s) = s**3 + 3*s**2 - s + 12. Let h be u(-4). Suppose 4*q - 4*i - 2012 = h, 0*q + 5*i + 1511 = 3*q. Is q a prime number?
False
Let h(w) = -w**3 + w**2 + 2*w. Let k be h(-2). Suppose k = 2*u, c = u + 535 + 337. Suppose -5*t = -0*j - 2*j + 431, -4*j + c = 4*t. Is j composite?
True
Let y = 1038 - -3053. Is y prime?
True
Suppose -4*q + m - 85 = 0, 0 = 3*q - m + 36 + 27. Let s(y) = 10*y + 219. Let a be s(-22). Is (a - q)*(-70)/(-30) a prime number?
False
Let b(l) = -2*l**2 - 3*l - 2. Let v be b(2). Let w be 114/(6/v*-4). Suppose 2*y = -w + 338. Is y a composite number?
False
Is (-13997)/(-6) - (-50)/300 prime?
True
Let d(s) = -s + 5. Suppose -4*x + 6*x = 10. Let f be d(x). Suppose -2*u + 3*u - 797 = f. Is u a prime number?
True
Let j(y) be the second derivative of 6*y**3 - 11*y**2 + 9*y. Is j(19) a prime number?
False
Let v = 25209 + -15720. Is v prime?
False
Suppose -4*p - 3*o + 621 = 0, 0*o - o = -5*p + 800. Suppose 3*u - p = 4*u. Let r = -102 - u. Is r a composite number?
True
Suppose 3*i - 10 = -5*u + 19, -5*u = 2*i - 21. Suppose 5*b + 744 = i*b. Suppose 2*v = -b + 906. Is v prime?
False
Suppose 0 = 2*m + 4*k - 83170, 3*m - 3*k - 78606 - 46122 = 0. Is m composite?
False
Let v(w) = -w**3 - 8*w**2 - 2*w - 16. Let b be v(-8). Suppose 2*d - 353 - 309 = b. Is d composite?
False
Suppose 0 = 2*s + 4, 16*f = 18*f - 3*s - 6624. Is f a prime number?
False
Let s(f) = 0*f + 4